{"id":134,"date":"2023-05-09T21:38:43","date_gmt":"2023-05-09T19:38:43","guid":{"rendered":"https:\/\/siaghum.fr\/?page_id=134"},"modified":"2025-08-11T12:15:32","modified_gmt":"2025-08-11T10:15:32","slug":"contact","status":"publish","type":"page","link":"https:\/\/lesattelagesdupilat.com\/index.php\/contact\/","title":{"rendered":"Contact"},"content":{"rendered":"\n<div class=\"wp-block-columns is-layout-flex wp-container-core-columns-is-layout-9d6595d7 wp-block-columns-is-layout-flex\">\n<div class=\"wp-block-column is-layout-flow wp-block-column-is-layout-flow\">\n<h2 class=\"wp-block-heading alignwide has-text-align-center\">Contactez-nous<\/h2>\n\n\n\n<div style=\"height:50px\" aria-hidden=\"true\" class=\"wp-block-spacer\"><\/div>\n\n\n\n<p>Pour toute information, r\u00e9servation ou demande de <mark style=\"background-color:rgba(0, 0, 0, 0)\" class=\"has-inline-color has-accent-2-color\">devis<\/mark> concernant l&#8217;organisation de balade, d&#8217;un anniversaire, d&#8217;une kermesse, d&#8217;un march\u00e9 de No\u00ebl ou d&#8217;un mariage ou autre \u00e9v\u00e8nements avec nos attelages, n&#8217;h\u00e9sitez pas \u00e0 me contacter. <\/p>\n\n\n\n<p>Je serai \u00e0 votre disposition pour r\u00e9pondre \u00e0 toutes vos questions et pour vous proposer des solutions adapt\u00e9es \u00e0 vos besoins et \u00e0 votre budget. <\/p>\n\n\n\n<p> Nous serons heureux de contribuer \u00e0 la r\u00e9ussite de votre projet. Contactez nous d\u00e8s maintenant pour en savoir plus !  <\/p>\n\n\n\n<p> <mark style=\"background-color:rgba(0, 0, 0, 0)\" class=\"has-inline-color has-accent-1-color\">cecilia<\/mark>@lesattelagesdupilat.com<\/p>\n\n\n\n<p>0647873788<\/p>\n\n\n\n<p>CHUYER 42410<\/p>\n\n\n\n<p>Suivez nous sur <mark style=\"background-color:rgba(0, 0, 0, 0)\" class=\"has-inline-color has-accent-1-color\"><a href=\"https:\/\/www.instagram.com\/cecilia.briat\/\" title=\"instagram\">Instagram<\/a><\/mark> \/ <mark style=\"background-color:rgba(0, 0, 0, 0)\" class=\"has-inline-color has-accent-2-color\"><a href=\"https:\/\/www.facebook.com\/profile.php?id=100095260921890\" title=\"Facebook\">Facebook<\/a><\/mark><\/p>\n<\/div>\n<\/div>\n\n\n\n<div class=\"wp-block-columns is-layout-flex wp-container-core-columns-is-layout-9d6595d7 wp-block-columns-is-layout-flex\">\n<div class=\"wp-block-column is-layout-flow wp-block-column-is-layout-flow\"><\/div>\n\n\n\n<div class=\"wp-block-column is-layout-flow wp-block-column-is-layout-flow\">\n<figure class=\"wp-block-image size-large balade \u00e0 cheval, pilat, pilatourisme, pilat tourisme, en cal\u00e8ches, Loire, Rh\u00f4ne, Ard\u00e8che, les attelages du\" id=\"pilat\"><img loading=\"lazy\" decoding=\"async\" width=\"729\" height=\"1024\" src=\"http:\/\/lesattelagesdupilat.com\/wp-content\/uploads\/2023\/07\/Screenshot_2023-07-19-22-16-15-417-edit_com.adobe_.lrmobile-729x1024.jpg\" alt=\"\" class=\"wp-image-743\" title=\"les attelages du pilat\" srcset=\"https:\/\/lesattelagesdupilat.com\/wp-content\/uploads\/2023\/07\/Screenshot_2023-07-19-22-16-15-417-edit_com.adobe_.lrmobile-729x1024.jpg 729w, https:\/\/lesattelagesdupilat.com\/wp-content\/uploads\/2023\/07\/Screenshot_2023-07-19-22-16-15-417-edit_com.adobe_.lrmobile-213x300.jpg 213w, https:\/\/lesattelagesdupilat.com\/wp-content\/uploads\/2023\/07\/Screenshot_2023-07-19-22-16-15-417-edit_com.adobe_.lrmobile-768x1079.jpg 768w, https:\/\/lesattelagesdupilat.com\/wp-content\/uploads\/2023\/07\/Screenshot_2023-07-19-22-16-15-417-edit_com.adobe_.lrmobile-600x843.jpg 600w, https:\/\/lesattelagesdupilat.com\/wp-content\/uploads\/2023\/07\/Screenshot_2023-07-19-22-16-15-417-edit_com.adobe_.lrmobile.jpg 999w\" sizes=\"auto, (max-width: 729px) 100vw, 729px\" \/><\/figure>\n<\/div>\n<\/div>\n","protected":false},"excerpt":{"rendered":"<p>Contactez-nous Pour toute information, r\u00e9servation ou demande de devis concernant l&#8217;organisation de balade, d&#8217;un anniversaire, d&#8217;une kermesse, d&#8217;un march\u00e9 de No\u00ebl ou d&#8217;un mariage ou &hellip;<\/p>\n","protected":false},"author":1,"featured_media":840,"parent":0,"menu_order":4,"comment_status":"closed","ping_status":"closed","template":"","meta":{"_monsterinsights_skip_tracking":false,"_monsterinsights_sitenote_active":false,"_monsterinsights_sitenote_note":"","_monsterinsights_sitenote_category":0,"footnotes":""},"class_list":["post-134","page","type-page","status-publish","has-post-thumbnail","hentry"],"aioseo_notices":[],"_links":{"self":[{"href":"https:\/\/lesattelagesdupilat.com\/index.php\/wp-json\/wp\/v2\/pages\/134","targetHints":{"allow":["GET"]}}],"collection":[{"href":"https:\/\/lesattelagesdupilat.com\/index.php\/wp-json\/wp\/v2\/pages"}],"about":[{"href":"https:\/\/lesattelagesdupilat.com\/index.php\/wp-json\/wp\/v2\/types\/page"}],"author":[{"embeddable":true,"href":"https:\/\/lesattelagesdupilat.com\/index.php\/wp-json\/wp\/v2\/users\/1"}],"replies":[{"embeddable":true,"href":"https:\/\/lesattelagesdupilat.com\/index.php\/wp-json\/wp\/v2\/comments?post=134"}],"version-history":[{"count":38,"href":"https:\/\/lesattelagesdupilat.com\/index.php\/wp-json\/wp\/v2\/pages\/134\/revisions"}],"predecessor-version":[{"id":983,"href":"https:\/\/lesattelagesdupilat.com\/index.php\/wp-json\/wp\/v2\/pages\/134\/revisions\/983"}],"wp:featuredmedia":[{"embeddable":true,"href":"https:\/\/lesattelagesdupilat.com\/index.php\/wp-json\/wp\/v2\/media\/840"}],"wp:attachment":[{"href":"https:\/\/lesattelagesdupilat.com\/index.php\/wp-json\/wp\/v2\/media?parent=134"}],"curies":[{"name":"wp","href":"https:\/\/api.w.org\/{rel}","templated":true}]}}